{"id":10798,"date":"-0001-11-30T00:00:00","date_gmt":"-0001-11-29T23:50:39","guid":{"rendered":""},"modified":"2026-08-19T13:04:21","modified_gmt":"2026-08-19T11:04:21","slug":"presentation-du-rolfing-la-relation-entre-les-fascias-et-la-posture-7956103","status":"publish","type":"fiche_sit","link":"https:\/\/causses-gorgesaveyron.com\/en\/fiche-sit\/presentation-du-rolfing-la-relation-entre-les-fascias-et-la-posture-7956103\/","title":{"rendered":"Pr\u00e9sentation du Rolfing : la relation entre les fascias et la posture"},"content":{"rendered":"<p>D\u00e9couvrez le Rolfing \u00e0 travers l&#8217;exploration du lien entre les fascias et la posture.<\/p>","protected":false},"excerpt":{"rendered":"<p>D\u00e9couvrez le Rolfing \u00e0 travers l&#8217;exploration du lien entre les fascias et la posture.<\/p>","protected":false},"featured_media":0,"template":"","rubrique_sit_primaire":[36,52,82],"class_list":["post-10798","fiche_sit","type-fiche_sit","status-publish","hentry","rubrique_sit_primaire-agenda","rubrique_sit_primaire-agenda-home-page","rubrique_sit_primaire-agenda-home-page-2"],"_links":{"self":[{"href":"https:\/\/causses-gorgesaveyron.com\/en\/wp-json\/wp\/v2\/fiche_sit\/10798","targetHints":{"allow":["GET"]}}],"collection":[{"href":"https:\/\/causses-gorgesaveyron.com\/en\/wp-json\/wp\/v2\/fiche_sit"}],"about":[{"href":"https:\/\/causses-gorgesaveyron.com\/en\/wp-json\/wp\/v2\/types\/fiche_sit"}],"wp:attachment":[{"href":"https:\/\/causses-gorgesaveyron.com\/en\/wp-json\/wp\/v2\/media?parent=10798"}],"wp:term":[{"taxonomy":"rubrique_sit_primaire","embeddable":true,"href":"https:\/\/causses-gorgesaveyron.com\/en\/wp-json\/wp\/v2\/rubrique_sit_primaire?post=10798"}],"curies":[{"name":"wp","href":"https:\/\/api.w.org\/{rel}","templated":true}]}}

Présentation du Rolfing : la relation entre les fascias et la posture

<p>Découvrez le Rolfing à travers l&#8217;exploration du lien entre les fascias et la posture.</p>
