{"id":10799,"date":"-0001-11-30T00:00:00","date_gmt":"-0001-11-29T23:50:39","guid":{"rendered":""},"modified":"2026-08-19T13:58:39","modified_gmt":"2026-08-19T11:58:39","slug":"concert-ensemble-gilles-binchois-lart-du-chantre-medieval-7956403","status":"publish","type":"fiche_sit","link":"https:\/\/causses-gorgesaveyron.com\/es\/fiche-sit\/concert-ensemble-gilles-binchois-lart-du-chantre-medieval-7956403\/","title":{"rendered":"Concert Ensemble Gilles Binchois &#8220;l&#8217;art du chantre m\u00e9di\u00e9val&#8221;"},"content":{"rendered":"<p>Musiques m\u00e9di\u00e9vales. Par l&#8217;ensemble Gilles Binchois (3 chanteurs), et J.W. Jansen (orgue)<\/p>","protected":false},"excerpt":{"rendered":"<p>Musiques m\u00e9di\u00e9vales. Par l&#8217;ensemble Gilles Binchois (3 chanteurs), et J.W. Jansen (orgue)<\/p>","protected":false},"featured_media":0,"template":"","rubrique_sit_primaire":[36,52,82],"class_list":["post-10799","fiche_sit","type-fiche_sit","status-publish","hentry","rubrique_sit_primaire-agenda","rubrique_sit_primaire-agenda-home-page","rubrique_sit_primaire-agenda-home-page-2"],"_links":{"self":[{"href":"https:\/\/causses-gorgesaveyron.com\/es\/wp-json\/wp\/v2\/fiche_sit\/10799","targetHints":{"allow":["GET"]}}],"collection":[{"href":"https:\/\/causses-gorgesaveyron.com\/es\/wp-json\/wp\/v2\/fiche_sit"}],"about":[{"href":"https:\/\/causses-gorgesaveyron.com\/es\/wp-json\/wp\/v2\/types\/fiche_sit"}],"wp:attachment":[{"href":"https:\/\/causses-gorgesaveyron.com\/es\/wp-json\/wp\/v2\/media?parent=10799"}],"wp:term":[{"taxonomy":"rubrique_sit_primaire","embeddable":true,"href":"https:\/\/causses-gorgesaveyron.com\/es\/wp-json\/wp\/v2\/rubrique_sit_primaire?post=10799"}],"curies":[{"name":"wp","href":"https:\/\/api.w.org\/{rel}","templated":true}]}}

Concert Ensemble Gilles Binchois &#8220;l&#8217;art du chantre médiéval&#8221;

<p>Musiques médiévales. Par l&#8217;ensemble Gilles Binchois (3 chanteurs), et J.W. Jansen (orgue)</p>
