{"id":10802,"date":"-0001-11-30T00:00:00","date_gmt":"-0001-11-29T23:50:39","guid":{"rendered":""},"modified":"2026-08-23T14:20:47","modified_gmt":"2026-08-23T12:20:47","slug":"concert-gabriel-saglio-a-la-bougie-7956869","status":"publish","type":"fiche_sit","link":"https:\/\/causses-gorgesaveyron.com\/es\/fiche-sit\/concert-gabriel-saglio-a-la-bougie-7956869\/","title":{"rendered":"Concert Gabriel Saglio \u00e0 la bougie"},"content":{"rendered":"<p>Un concert intimiste port\u00e9 par trois musiciens, m\u00ealant guitares folk, ch\u0153urs et po\u00e9sie dans une atmosph\u00e8re douce et chaleureuse.<\/p>","protected":false},"excerpt":{"rendered":"<p>Un concert intimiste port\u00e9 par trois musiciens, m\u00ealant guitares folk, ch\u0153urs et po\u00e9sie dans une atmosph\u00e8re douce et chaleureuse.<\/p>","protected":false},"featured_media":0,"template":"","rubrique_sit_primaire":[36,82,52],"class_list":["post-10802","fiche_sit","type-fiche_sit","status-publish","hentry","rubrique_sit_primaire-agenda","rubrique_sit_primaire-agenda-home-page-2","rubrique_sit_primaire-agenda-home-page"],"_links":{"self":[{"href":"https:\/\/causses-gorgesaveyron.com\/es\/wp-json\/wp\/v2\/fiche_sit\/10802","targetHints":{"allow":["GET"]}}],"collection":[{"href":"https:\/\/causses-gorgesaveyron.com\/es\/wp-json\/wp\/v2\/fiche_sit"}],"about":[{"href":"https:\/\/causses-gorgesaveyron.com\/es\/wp-json\/wp\/v2\/types\/fiche_sit"}],"wp:attachment":[{"href":"https:\/\/causses-gorgesaveyron.com\/es\/wp-json\/wp\/v2\/media?parent=10802"}],"wp:term":[{"taxonomy":"rubrique_sit_primaire","embeddable":true,"href":"https:\/\/causses-gorgesaveyron.com\/es\/wp-json\/wp\/v2\/rubrique_sit_primaire?post=10802"}],"curies":[{"name":"wp","href":"https:\/\/api.w.org\/{rel}","templated":true}]}}

Concert Gabriel Saglio à la bougie

<p>Un concert intimiste porté par trois musiciens, mêlant guitares folk, chœurs et poésie dans une atmosphère douce et chaleureuse.</p>
