{"id":2598,"date":"-0001-11-30T00:00:00","date_gmt":"-0001-11-29T23:50:39","guid":{"rendered":""},"modified":"2024-02-13T12:47:58","modified_gmt":"2024-02-13T11:47:58","slug":"mercado-de-laguepie-5822826","status":"publish","type":"fiche_sit","link":"https:\/\/causses-gorgesaveyron.com\/es\/fiche-sit\/marche-a-laguepie-5822826\/","title":{"rendered":"Mercado de Lagu\u00e9pie"},"content":{"rendered":"<p>March\u00e9 de Lagu\u00e9pie le mercredi matin (sauf lendemain de foire) et le dimanche matin.<br \/>\nFoire le 3\u00e8 mardi de chaque mois, toute l&#8217;ann\u00e9e.<\/p>","protected":false},"excerpt":{"rendered":"<p>March\u00e9 de Lagu\u00e9pie le mercredi matin (sauf lendemain de foire) et le dimanche matin. Foire le 3\u00e8 mardi de chaque mois, toute l&#8217;ann\u00e9e.<\/p>","protected":false},"featured_media":0,"template":"","rubrique_sit_primaire":[36,52,82,46],"class_list":["post-2598","fiche_sit","type-fiche_sit","status-publish","hentry","rubrique_sit_primaire-agenda","rubrique_sit_primaire-agenda-home-page","rubrique_sit_primaire-agenda-home-page-2","rubrique_sit_primaire-les-marches"],"aioseo_notices":[],"_links":{"self":[{"href":"https:\/\/causses-gorgesaveyron.com\/es\/wp-json\/wp\/v2\/fiche_sit\/2598","targetHints":{"allow":["GET"]}}],"collection":[{"href":"https:\/\/causses-gorgesaveyron.com\/es\/wp-json\/wp\/v2\/fiche_sit"}],"about":[{"href":"https:\/\/causses-gorgesaveyron.com\/es\/wp-json\/wp\/v2\/types\/fiche_sit"}],"wp:attachment":[{"href":"https:\/\/causses-gorgesaveyron.com\/es\/wp-json\/wp\/v2\/media?parent=2598"}],"wp:term":[{"taxonomy":"rubrique_sit_primaire","embeddable":true,"href":"https:\/\/causses-gorgesaveyron.com\/es\/wp-json\/wp\/v2\/rubrique_sit_primaire?post=2598"}],"curies":[{"name":"wp","href":"https:\/\/api.w.org\/{rel}","templated":true}]}}

Mercado de Laguépie

<p>Marché de Laguépie le mercredi matin (sauf lendemain de foire) et le dimanche matin.<br />
Foire le 3è mardi de chaque mois, toute l&#8217;année.</p>

<p>Marché de Laguépie le mercredi matin (sauf lendemain de foire) et le dimanche matin. Foire le 3è mardi de chaque mois, toute l&#8217;année.</p>
