{"id":9201,"date":"-0001-11-30T00:00:00","date_gmt":"-0001-11-29T23:50:39","guid":{"rendered":""},"modified":"2026-03-25T09:37:03","modified_gmt":"2026-03-25T08:37:03","slug":"un-piano-bajo-las-estrellas-7733479","status":"publish","type":"fiche_sit","link":"https:\/\/causses-gorgesaveyron.com\/es\/fiche-sit\/un-piano-sous-les-etoiles-7733479\/","title":{"rendered":"Un piano bajo las estrellas"},"content":{"rendered":"<p>Un Piano sous les \u00e9toiles se ampl\u00eda este a\u00f1o para ofrecerle dos conciertos los d\u00edas 22 y 23 de julio de 2026.<\/p>","protected":false},"excerpt":{"rendered":"<p>Un Piano sous les \u00e9toiles se ampl\u00eda este a\u00f1o para ofrecerle dos conciertos los d\u00edas 22 y 23 de julio de 2026.<\/p>","protected":false},"featured_media":0,"template":"","rubrique_sit_primaire":[36,52,82],"class_list":["post-9201","fiche_sit","type-fiche_sit","status-publish","hentry","rubrique_sit_primaire-agenda","rubrique_sit_primaire-agenda-home-page","rubrique_sit_primaire-agenda-home-page-2"],"aioseo_notices":[],"_links":{"self":[{"href":"https:\/\/causses-gorgesaveyron.com\/es\/wp-json\/wp\/v2\/fiche_sit\/9201","targetHints":{"allow":["GET"]}}],"collection":[{"href":"https:\/\/causses-gorgesaveyron.com\/es\/wp-json\/wp\/v2\/fiche_sit"}],"about":[{"href":"https:\/\/causses-gorgesaveyron.com\/es\/wp-json\/wp\/v2\/types\/fiche_sit"}],"wp:attachment":[{"href":"https:\/\/causses-gorgesaveyron.com\/es\/wp-json\/wp\/v2\/media?parent=9201"}],"wp:term":[{"taxonomy":"rubrique_sit_primaire","embeddable":true,"href":"https:\/\/causses-gorgesaveyron.com\/es\/wp-json\/wp\/v2\/rubrique_sit_primaire?post=9201"}],"curies":[{"name":"wp","href":"https:\/\/api.w.org\/{rel}","templated":true}]}}

<p>Un Piano sous les étoiles se amplía este año para ofrecerle dos conciertos los días 22 y 23 de julio de 2026.</p>
