{"id":9637,"date":"-0001-11-30T00:00:00","date_gmt":"-0001-11-29T23:50:39","guid":{"rendered":""},"modified":"2026-04-30T10:37:25","modified_gmt":"2026-04-30T08:37:25","slug":"festival-de-labbaye-de-beaulieu-en-rouergue-7804750","status":"publish","type":"fiche_sit","link":"https:\/\/causses-gorgesaveyron.com\/nl\/fiche-sit\/festival-de-labbaye-de-beaulieu-en-rouergue-7804750\/","title":{"rendered":"Festival de l&#8217;abbaye de Beaulieu-en-Rouergue"},"content":{"rendered":"<p>Le Festival de l&#8217;abbaye de Beaulieu-en-Rouergue port\u00e9 par Anima Nostra en partenariat avec le Centre des monuments nationaux revient en 2026 pour une quatri\u00e8me \u00e9dition du 14 juillet au 2 ao\u00fbt.<\/p>","protected":false},"excerpt":{"rendered":"<p>Le Festival de l&#8217;abbaye de Beaulieu-en-Rouergue port\u00e9 par Anima Nostra en partenariat avec le Centre des monuments nationaux revient en 2026 pour une quatri\u00e8me \u00e9dition du 14 juillet au 2 ao\u00fbt.<\/p>","protected":false},"featured_media":0,"template":"","rubrique_sit_primaire":[36,82,52],"class_list":["post-9637","fiche_sit","type-fiche_sit","status-publish","hentry","rubrique_sit_primaire-agenda","rubrique_sit_primaire-agenda-home-page-2","rubrique_sit_primaire-agenda-home-page"],"aioseo_notices":[],"_links":{"self":[{"href":"https:\/\/causses-gorgesaveyron.com\/nl\/wp-json\/wp\/v2\/fiche_sit\/9637","targetHints":{"allow":["GET"]}}],"collection":[{"href":"https:\/\/causses-gorgesaveyron.com\/nl\/wp-json\/wp\/v2\/fiche_sit"}],"about":[{"href":"https:\/\/causses-gorgesaveyron.com\/nl\/wp-json\/wp\/v2\/types\/fiche_sit"}],"wp:attachment":[{"href":"https:\/\/causses-gorgesaveyron.com\/nl\/wp-json\/wp\/v2\/media?parent=9637"}],"wp:term":[{"taxonomy":"rubrique_sit_primaire","embeddable":true,"href":"https:\/\/causses-gorgesaveyron.com\/nl\/wp-json\/wp\/v2\/rubrique_sit_primaire?post=9637"}],"curies":[{"name":"wp","href":"https:\/\/api.w.org\/{rel}","templated":true}]}}

<p>Le Festival de l&#8217;abbaye de Beaulieu-en-Rouergue porté par Anima Nostra en partenariat avec le Centre des monuments nationaux revient en 2026 pour une quatrième édition du 14 juillet au 2 août.</p>
